{"id":1402,"date":"2021-12-15T16:56:55","date_gmt":"2021-12-15T15:56:55","guid":{"rendered":"https:\/\/valenseine.com\/?page_id=1402"},"modified":"2022-07-19T14:43:39","modified_gmt":"2022-07-19T12:43:39","slug":"les-gravats","status":"publish","type":"page","link":"https:\/\/valenseine.com\/index.php\/les-gravats\/","title":{"rendered":"Les gravats"},"content":{"rendered":"\t\t<div data-elementor-type=\"wp-page\" data-elementor-id=\"1402\" class=\"elementor elementor-1402\">\n\t\t\t\t\t\t<section class=\"elementor-section elementor-top-section elementor-element elementor-element-fa04c78 elementor-section-boxed elementor-section-height-default elementor-section-height-default\" data-id=\"fa04c78\" data-element_type=\"section\" data-e-type=\"section\" data-settings=\"{&quot;jet_parallax_layout_list&quot;:[{&quot;jet_parallax_layout_image&quot;:{&quot;url&quot;:&quot;&quot;,&quot;id&quot;:&quot;&quot;,&quot;size&quot;:&quot;&quot;},&quot;_id&quot;:&quot;10d63d8&quot;,&quot;jet_parallax_layout_image_tablet&quot;:{&quot;url&quot;:&quot;&quot;,&quot;id&quot;:&quot;&quot;,&quot;size&quot;:&quot;&quot;},&quot;jet_parallax_layout_image_mobile&quot;:{&quot;url&quot;:&quot;&quot;,&quot;id&quot;:&quot;&quot;,&quot;size&quot;:&quot;&quot;},&quot;jet_parallax_layout_speed&quot;:{&quot;unit&quot;:&quot;%&quot;,&quot;size&quot;:50,&quot;sizes&quot;:[]},&quot;jet_parallax_layout_type&quot;:&quot;scroll&quot;,&quot;jet_parallax_layout_direction&quot;:null,&quot;jet_parallax_layout_fx_direction&quot;:null,&quot;jet_parallax_layout_z_index&quot;:&quot;&quot;,&quot;jet_parallax_layout_bg_x&quot;:50,&quot;jet_parallax_layout_bg_x_tablet&quot;:&quot;&quot;,&quot;jet_parallax_layout_bg_x_mobile&quot;:&quot;&quot;,&quot;jet_parallax_layout_bg_y&quot;:50,&quot;jet_parallax_layout_bg_y_tablet&quot;:&quot;&quot;,&quot;jet_parallax_layout_bg_y_mobile&quot;:&quot;&quot;,&quot;jet_parallax_layout_bg_size&quot;:&quot;auto&quot;,&quot;jet_parallax_layout_bg_size_tablet&quot;:&quot;&quot;,&quot;jet_parallax_layout_bg_size_mobile&quot;:&quot;&quot;,&quot;jet_parallax_layout_animation_prop&quot;:&quot;transform&quot;,&quot;jet_parallax_layout_on&quot;:[&quot;desktop&quot;,&quot;tablet&quot;]}]}\">\n\t\t\t\t\t\t<div class=\"elementor-container elementor-column-gap-default\">\n\t\t\t\t\t<div class=\"elementor-column elementor-col-100 elementor-top-column elementor-element elementor-element-eea8a6b\" data-id=\"eea8a6b\" data-element_type=\"column\" data-e-type=\"column\">\n\t\t\t<div class=\"elementor-widget-wrap elementor-element-populated\">\n\t\t\t\t\t\t<div class=\"elementor-element elementor-element-39a6665 elementor-widget elementor-widget-heading\" data-id=\"39a6665\" data-element_type=\"widget\" data-e-type=\"widget\" data-widget_type=\"heading.default\">\n\t\t\t\t<div class=\"elementor-widget-container\">\n\t\t\t\t\t<h2 class=\"elementor-heading-title elementor-size-default\">Traitement des gravats&nbsp;!<\/h2>\t\t\t\t<\/div>\n\t\t\t\t<\/div>\n\t\t\t\t<div class=\"elementor-element elementor-element-857d34a elementor-widget elementor-widget-text-editor\" data-id=\"857d34a\" data-element_type=\"widget\" data-e-type=\"widget\" data-widget_type=\"text-editor.default\">\n\t\t\t\t<div class=\"elementor-widget-container\">\n\t\t\t\t\t\t\t\t\t<p class=\"Standard\">B\u00e9ton, r\u00e9sidus de parpaings, blocs de pierre, le secteur des travaux publics, du BTP et les professionnels du <b>terrassement<\/b> ou de la <b>d\u00e9molition<\/b> sont des producteurs de <b>gravats<\/b>.<\/p><p class=\"Standard\">Consid\u00e9r\u00e9s comme des <b>d\u00e9chets inertes<\/b>, c&rsquo;est-\u00e0-dire qu&rsquo;ils ne font pas l&rsquo;objet de transformation physique, biologique ou chimique avec le temps, les <b>gravats<\/b> repr\u00e9sentent tout de m\u00eame une probl\u00e9matique importante surtout en ce qui concerne leur <b>stockage<\/b> ainsi que leur acheminement sur les lieux d&rsquo;entreposage.<\/p><p class=\"Standard\"><b>Valenseine<\/b> propose des solutions adapt\u00e9es \u00e0 ces probl\u00e9matiques en offrant aux professionnels du <b>b\u00e2timent<\/b> un syst\u00e8me de gestion de leurs<b> gravats de chantier<\/b>.<\/p><h5 class=\"Standard\"><b>Sur quels sites sont pris en charge les gravats ?<\/b><\/h5><p>Les gravats peuvent \u00eatre r\u00e9ceptionn\u00e9s sur les quais de transfert suivants :<\/p><ul><li>Quai de transfert de Saint-Jean-du-Cardonnay<\/li><\/ul><p>C\u00f4te de la Valette \u2013 76150 Saint-Jean-du-Cardonnay<\/p><p>Du lundi au vendredi de 8h30 \u00e0 17h00<\/p><ul><li>Quai de transfert de Cl\u00e9on<\/li><\/ul><p>Rue Raymond et Marie Louise Boucher \u2013 76410 Cl\u00e9on<\/p><p>Du lundi au vendredi de 8h00 \u00e0 16h30<\/p><ul><li>Quai de transfert de Montville<\/li><\/ul><p>Rue Bois-le-Vicomte \u2013 7671 Montville<\/p><p>Du lundi au vendredi de 7h30 \u00e0 16h<\/p><p>Ils seront ensuite transf\u00e9r\u00e9s jusqu\u2019\u00e0 <a href=\"https:\/\/www.smedar.fr\/les-encombrants-valorises\" target=\"_blank\" rel=\"noopener\"><span style=\"color: #33cccc;\"><strong>l\u2019Unit\u00e9 de Traitement des Encombrants<\/strong> de <\/span><strong><span style=\"color: #33cccc;\">VESTA<\/span><\/strong><\/a>, situ\u00e9e Boulevard Stalingrad \u00e0 Le Grand-Quevilly.<\/p><p>Cette unit\u00e9 de traitement est r\u00e9guli\u00e8rement autoris\u00e9e au titre de la loi n\u00b076-663 du 19 juillet 1976 sur les Installations Class\u00e9es pour la Protection de l\u2019Environnement. Le site <strong>VESTA<\/strong> est certifi\u00e9 ISO 14001.<\/p><p>Les gravats seront ensuite achemin\u00e9s vers un centre de stockage des d\u00e9chets ultimes de classe III.<\/p>\t\t\t\t\t\t\t\t<\/div>\n\t\t\t\t<\/div>\n\t\t\t\t\t<\/div>\n\t\t<\/div>\n\t\t\t\t\t<\/div>\n\t\t<\/section>\n\t\t\t\t<\/div>\n\t\t","protected":false},"excerpt":{"rendered":"<p>Traitement des gravats&nbsp;! B\u00e9ton, r\u00e9sidus de parpaings, blocs de pierre, le secteur des travaux publics, du BTP et les professionnels du terrassement ou de la d\u00e9molition sont des producteurs de gravats. Consid\u00e9r\u00e9s comme des d\u00e9chets inertes, c&rsquo;est-\u00e0-dire qu&rsquo;ils ne font pas l&rsquo;objet de transformation physique, biologique ou chimique avec le temps, les gravats repr\u00e9sentent tout [&hellip;]<\/p>\n","protected":false},"author":1,"featured_media":0,"parent":0,"menu_order":0,"comment_status":"closed","ping_status":"closed","template":"","meta":{"_acf_changed":false,"footnotes":""},"class_list":["post-1402","page","type-page","status-publish","hentry"],"acf":[],"yoast_head":"<!-- This site is optimized with the Yoast SEO plugin v27.4 - https:\/\/yoast.com\/product\/yoast-seo-wordpress\/ -->\n<title>Les gravats - Traitement et valorisation des d\u00e9chets \u00e0 Rouen: Velenseine<\/title>\n<meta name=\"robots\" content=\"index, follow, max-snippet:-1, max-image-preview:large, max-video-preview:-1\" \/>\n<link rel=\"canonical\" href=\"https:\/\/valenseine.com\/index.php\/les-gravats\/\" \/>\n<meta property=\"og:locale\" content=\"fr_FR\" \/>\n<meta property=\"og:type\" content=\"article\" \/>\n<meta property=\"og:title\" content=\"Les gravats - Traitement et valorisation des d\u00e9chets \u00e0 Rouen: Velenseine\" \/>\n<meta property=\"og:description\" content=\"Traitement des gravats&nbsp;! B\u00e9ton, r\u00e9sidus de parpaings, blocs de pierre, le secteur des travaux publics, du BTP et les professionnels du terrassement ou de la d\u00e9molition sont des producteurs de gravats. Consid\u00e9r\u00e9s comme des d\u00e9chets inertes, c&rsquo;est-\u00e0-dire qu&rsquo;ils ne font pas l&rsquo;objet de transformation physique, biologique ou chimique avec le temps, les gravats repr\u00e9sentent tout [&hellip;]\" \/>\n<meta property=\"og:url\" content=\"https:\/\/valenseine.com\/index.php\/les-gravats\/\" \/>\n<meta property=\"og:site_name\" content=\"Traitement et valorisation des d\u00e9chets \u00e0 Rouen: Velenseine\" \/>\n<meta property=\"article:modified_time\" content=\"2022-07-19T12:43:39+00:00\" \/>\n<meta name=\"twitter:card\" content=\"summary_large_image\" \/>\n<meta name=\"twitter:label1\" content=\"Dur\u00e9e de lecture estim\u00e9e\" \/>\n\t<meta name=\"twitter:data1\" content=\"2 minutes\" \/>\n<script type=\"application\/ld+json\" class=\"yoast-schema-graph\">{\"@context\":\"https:\\\/\\\/schema.org\",\"@graph\":[{\"@type\":\"WebPage\",\"@id\":\"https:\\\/\\\/valenseine.com\\\/index.php\\\/les-gravats\\\/\",\"url\":\"https:\\\/\\\/valenseine.com\\\/index.php\\\/les-gravats\\\/\",\"name\":\"Les gravats - Traitement et valorisation des d\u00e9chets \u00e0 Rouen: Velenseine\",\"isPartOf\":{\"@id\":\"https:\\\/\\\/valenseine.com\\\/#website\"},\"datePublished\":\"2021-12-15T15:56:55+00:00\",\"dateModified\":\"2022-07-19T12:43:39+00:00\",\"breadcrumb\":{\"@id\":\"https:\\\/\\\/valenseine.com\\\/index.php\\\/les-gravats\\\/#breadcrumb\"},\"inLanguage\":\"fr-FR\",\"potentialAction\":[{\"@type\":\"ReadAction\",\"target\":[\"https:\\\/\\\/valenseine.com\\\/index.php\\\/les-gravats\\\/\"]}]},{\"@type\":\"BreadcrumbList\",\"@id\":\"https:\\\/\\\/valenseine.com\\\/index.php\\\/les-gravats\\\/#breadcrumb\",\"itemListElement\":[{\"@type\":\"ListItem\",\"position\":1,\"name\":\"Accueil\",\"item\":\"https:\\\/\\\/valenseine.com\\\/\"},{\"@type\":\"ListItem\",\"position\":2,\"name\":\"Les gravats\"}]},{\"@type\":\"WebSite\",\"@id\":\"https:\\\/\\\/valenseine.com\\\/#website\",\"url\":\"https:\\\/\\\/valenseine.com\\\/\",\"name\":\"Traitement et valorisation des d\u00e9chets \u00e0 Rouen: Velenseine\",\"description\":\"Votre \u00e9co-partenaire\",\"potentialAction\":[{\"@type\":\"SearchAction\",\"target\":{\"@type\":\"EntryPoint\",\"urlTemplate\":\"https:\\\/\\\/valenseine.com\\\/?s={search_term_string}\"},\"query-input\":{\"@type\":\"PropertyValueSpecification\",\"valueRequired\":true,\"valueName\":\"search_term_string\"}}],\"inLanguage\":\"fr-FR\"}]}<\/script>\n<!-- \/ Yoast SEO plugin. -->","yoast_head_json":{"title":"Les gravats - Traitement et valorisation des d\u00e9chets \u00e0 Rouen: Velenseine","robots":{"index":"index","follow":"follow","max-snippet":"max-snippet:-1","max-image-preview":"max-image-preview:large","max-video-preview":"max-video-preview:-1"},"canonical":"https:\/\/valenseine.com\/index.php\/les-gravats\/","og_locale":"fr_FR","og_type":"article","og_title":"Les gravats - Traitement et valorisation des d\u00e9chets \u00e0 Rouen: Velenseine","og_description":"Traitement des gravats&nbsp;! B\u00e9ton, r\u00e9sidus de parpaings, blocs de pierre, le secteur des travaux publics, du BTP et les professionnels du terrassement ou de la d\u00e9molition sont des producteurs de gravats. Consid\u00e9r\u00e9s comme des d\u00e9chets inertes, c&rsquo;est-\u00e0-dire qu&rsquo;ils ne font pas l&rsquo;objet de transformation physique, biologique ou chimique avec le temps, les gravats repr\u00e9sentent tout [&hellip;]","og_url":"https:\/\/valenseine.com\/index.php\/les-gravats\/","og_site_name":"Traitement et valorisation des d\u00e9chets \u00e0 Rouen: Velenseine","article_modified_time":"2022-07-19T12:43:39+00:00","twitter_card":"summary_large_image","twitter_misc":{"Dur\u00e9e de lecture estim\u00e9e":"2 minutes"},"schema":{"@context":"https:\/\/schema.org","@graph":[{"@type":"WebPage","@id":"https:\/\/valenseine.com\/index.php\/les-gravats\/","url":"https:\/\/valenseine.com\/index.php\/les-gravats\/","name":"Les gravats - Traitement et valorisation des d\u00e9chets \u00e0 Rouen: Velenseine","isPartOf":{"@id":"https:\/\/valenseine.com\/#website"},"datePublished":"2021-12-15T15:56:55+00:00","dateModified":"2022-07-19T12:43:39+00:00","breadcrumb":{"@id":"https:\/\/valenseine.com\/index.php\/les-gravats\/#breadcrumb"},"inLanguage":"fr-FR","potentialAction":[{"@type":"ReadAction","target":["https:\/\/valenseine.com\/index.php\/les-gravats\/"]}]},{"@type":"BreadcrumbList","@id":"https:\/\/valenseine.com\/index.php\/les-gravats\/#breadcrumb","itemListElement":[{"@type":"ListItem","position":1,"name":"Accueil","item":"https:\/\/valenseine.com\/"},{"@type":"ListItem","position":2,"name":"Les gravats"}]},{"@type":"WebSite","@id":"https:\/\/valenseine.com\/#website","url":"https:\/\/valenseine.com\/","name":"Traitement et valorisation des d\u00e9chets \u00e0 Rouen: Velenseine","description":"Votre \u00e9co-partenaire","potentialAction":[{"@type":"SearchAction","target":{"@type":"EntryPoint","urlTemplate":"https:\/\/valenseine.com\/?s={search_term_string}"},"query-input":{"@type":"PropertyValueSpecification","valueRequired":true,"valueName":"search_term_string"}}],"inLanguage":"fr-FR"}]}},"_links":{"self":[{"href":"https:\/\/valenseine.com\/index.php\/wp-json\/wp\/v2\/pages\/1402","targetHints":{"allow":["GET"]}}],"collection":[{"href":"https:\/\/valenseine.com\/index.php\/wp-json\/wp\/v2\/pages"}],"about":[{"href":"https:\/\/valenseine.com\/index.php\/wp-json\/wp\/v2\/types\/page"}],"author":[{"embeddable":true,"href":"https:\/\/valenseine.com\/index.php\/wp-json\/wp\/v2\/users\/1"}],"replies":[{"embeddable":true,"href":"https:\/\/valenseine.com\/index.php\/wp-json\/wp\/v2\/comments?post=1402"}],"version-history":[{"count":25,"href":"https:\/\/valenseine.com\/index.php\/wp-json\/wp\/v2\/pages\/1402\/revisions"}],"predecessor-version":[{"id":34135,"href":"https:\/\/valenseine.com\/index.php\/wp-json\/wp\/v2\/pages\/1402\/revisions\/34135"}],"wp:attachment":[{"href":"https:\/\/valenseine.com\/index.php\/wp-json\/wp\/v2\/media?parent=1402"}],"curies":[{"name":"wp","href":"https:\/\/api.w.org\/{rel}","templated":true}]}}